{"version":"1.0","provider_name":"Wattkraft","provider_url":"https:\/\/www.wattkraft.com\/es\/","author_name":"Daniel Castosa","author_url":"https:\/\/www.wattkraft.com\/es\/news\/author\/daniel-castosa\/","title":"III Edici\u00f3n Semana del Sol de Wattkraft - Wattkraft","type":"rich","width":600,"height":338,"html":"<blockquote class=\"wp-embedded-content\" data-secret=\"XSMy7GlhiN\"><a href=\"https:\/\/www.wattkraft.com\/es\/news\/iii-edicion-semana-del-sol-de-wattkraft\/\">III Edici\u00f3n Semana del Sol de Wattkraft<\/a><\/blockquote><iframe sandbox=\"allow-scripts\" security=\"restricted\" src=\"https:\/\/www.wattkraft.com\/es\/news\/iii-edicion-semana-del-sol-de-wattkraft\/embed\/#?secret=XSMy7GlhiN\" width=\"600\" height=\"338\" title=\"&#8220;III Edici\u00f3n Semana del Sol de Wattkraft&#8221; &#8212; Wattkraft\" data-secret=\"XSMy7GlhiN\" frameborder=\"0\" marginwidth=\"0\" marginheight=\"0\" scrolling=\"no\" class=\"wp-embedded-content\"><\/iframe><script type=\"text\/javascript\">\n\/* <![CDATA[ *\/\n\/*! This file is auto-generated *\/\n!function(d,l){\"use strict\";l.querySelector&&d.addEventListener&&\"undefined\"!=typeof URL&&(d.wp=d.wp||{},d.wp.receiveEmbedMessage||(d.wp.receiveEmbedMessage=function(e){var t=e.data;if((t||t.secret||t.message||t.value)&&!\/[^a-zA-Z0-9]\/.test(t.secret)){for(var s,r,n,a=l.querySelectorAll('iframe[data-secret=\"'+t.secret+'\"]'),o=l.querySelectorAll('blockquote[data-secret=\"'+t.secret+'\"]'),c=new RegExp(\"^https?:$\",\"i\"),i=0;i<o.length;i++)o[i].style.display=\"none\";for(i=0;i<a.length;i++)s=a[i],e.source===s.contentWindow&&(s.removeAttribute(\"style\"),\"height\"===t.message?(1e3<(r=parseInt(t.value,10))?r=1e3:~~r<200&&(r=200),s.height=r):\"link\"===t.message&&(r=new URL(s.getAttribute(\"src\")),n=new URL(t.value),c.test(n.protocol))&&n.host===r.host&&l.activeElement===s&&(d.top.location.href=t.value))}},d.addEventListener(\"message\",d.wp.receiveEmbedMessage,!1),l.addEventListener(\"DOMContentLoaded\",function(){for(var e,t,s=l.querySelectorAll(\"iframe.wp-embedded-content\"),r=0;r<s.length;r++)(t=(e=s[r]).getAttribute(\"data-secret\"))||(t=Math.random().toString(36).substring(2,12),e.src+=\"#?secret=\"+t,e.setAttribute(\"data-secret\",t)),e.contentWindow.postMessage({message:\"ready\",secret:t},\"*\")},!1)))}(window,document);\n\/* ]]> *\/\n<\/script>\n","thumbnail_url":"https:\/\/www.wattkraft.com\/app\/uploads\/2023\/11\/Samana-del-Sol-portada.jpg","thumbnail_width":2500,"thumbnail_height":2500,"description":"Este a\u00f1o celebramos la tercera edici\u00f3n de la Semana del Sol En Wattkraft, cada a\u00f1o celebramos el solsticio de verano, el d\u00eda con m\u00e1s sol del a\u00f1o, con la Semana del Sol. Durante esta semana, Wattkraft Iberia, Huawei FusionSolar y nuestros partenes, aunamos esfuerzos para organizar todo tipo de eventos presenciales y online para dar a conocer las mejores soluciones en inversores y almacenamiento. Este a\u00f1o, tenemos tantas ganas de celebrarlo, que no hemos podido esperar hasta el solsticio de verano y lo hemos celebrado entre la segunda y la tercera semana de Abril. Conoce la agenda de la III Semana del Sol: Jueves 13 de Abril &#8211; Gala Ibera Sunny Awards 2023 Una gala muy especial donde hemos podido reconocer los esfuerzos de algunas personalidades y empresas clave del sector de las energ\u00edas renovables en Espa\u00f1a. Mi\u00e9rcoles 18 de Abril &#8211; Evento Sumsol en el circuito del Jarama en Madrid Todo un d\u00eda para aprender sobre los nuevos Smart Charger de Huawei Fusionsolar&nbsp; y disfrutar con una prueba de conducci\u00f3n en un veh\u00edculo el\u00e9ctrico. Jueves 19 de Abril &#8211; Evento Saclima Compuesto por dos eventos simult\u00e1neos. El primero, una visita a las instalaciones de Salcima en Valencia para aprender todos los detalles de las nuevas bater\u00edas LUNA2000 de 200KW de Huawei FusionSolar y, el segundo, una actividad formativa sobre soluciones fotovoltaicas en la Universidad Polit\u00e9cnica de Valencia. Si desean obtener m\u00e1s informaci\u00f3n, o acompa\u00f1arnos, no duden en&nbsp;contactarnos&nbsp;a trav\u00e9s del correo: info@wattkraft.com"}

III Edición Semana del Sol de Wattkraft - Wattkraft

<blockquote class="wp-embedded-content" data-secret="XSMy7GlhiN"><a href="https://www.wattkraft.com/es/news/iii-edicion-semana-del-sol-de-wattkraft/">III Edición Semana del Sol de Wattkraft</a></blockquote><iframe sandbox="allow-scripts" security="restricted" src="https://www.wattkraft.com/es/news/iii-edicion-semana-del-sol-de-wattkraft/embed/#?secret=XSMy7GlhiN" width="600" height="338" title="&#8220;III Edición Semana del Sol de Wattkraft&#8221; &#8212; Wattkraft" data-secret="XSMy7GlhiN" frameborder="0" marginwidth="0" marginheight="0" scrolling="no" class="wp-embedded-content"></iframe><script type="text/javascript">
/* <![CDATA[ */
/*! This file is auto-generated */
!function(d,l){"use strict";l.querySelector&&d.addEventListener&&"undefined"!=typeof URL&&(d.wp=d.wp||{},d.wp.receiveEmbedMessage||(d.wp.receiveEmbedMessage=function(e){var t=e.data;if((t||t.secret||t.message||t.value)&&!/[^a-zA-Z0-9]/.test(t.secret)){for(var s,r,n,a=l.querySelectorAll('iframe[data-secret="'+t.secret+'"]'),o=l.querySelectorAll('blockquote[data-secret="'+t.secret+'"]'),c=new RegExp("^https?:$","i"),i=0;i<o.length;i++)o[i].style.display="none";for(i=0;i<a.length;i++)s=a[i],e.source===s.contentWindow&&(s.removeAttribute("style"),"height"===t.message?(1e3<(r=parseInt(t.value,10))?r=1e3:~~r<200&&(r=200),s.height=r):"link"===t.message&&(r=new URL(s.getAttribute("src")),n=new URL(t.value),c.test(n.protocol))&&n.host===r.host&&l.activeElement===s&&(d.top.location.href=t.value))}},d.addEventListener("message",d.wp.receiveEmbedMessage,!1),l.addEventListener("DOMContentLoaded",function(){for(var e,t,s=l.querySelectorAll("iframe.wp-embedded-content"),r=0;r<s.length;r++)(t=(e=s[r]).getAttribute("data-secret"))||(t=Math.random().toString(36).substring(2,12),e.src+="#?secret="+t,e.setAttribute("data-secret",t)),e.contentWindow.postMessage({message:"ready",secret:t},"*")},!1)))}(window,document);
/* ]]> */
</script>

Este año celebramos la tercera edición de la Semana del Sol En Wattkraft, cada año celebramos el solsticio de verano, el día con más sol del año, con la Semana del Sol. Durante esta semana, Wattkraft Iberia, Huawei FusionSolar y nuestros partenes, aunamos esfuerzos para organizar todo tipo de eventos presenciales y online para dar a conocer las mejores soluciones en inversores y almacenamiento. Este año, tenemos tantas ganas de celebrarlo, que no hemos podido esperar hasta el solsticio de verano y lo hemos celebrado entre la segunda y la tercera semana de Abril. Conoce la agenda de la III Semana del Sol: Jueves 13 de Abril &#8211; Gala Ibera Sunny Awards 2023 Una gala muy especial donde hemos podido reconocer los esfuerzos de algunas personalidades y empresas clave del sector de las energías renovables en España. Miércoles 18 de Abril &#8211; Evento Sumsol en el circuito del Jarama en Madrid Todo un día para aprender sobre los nuevos Smart Charger de Huawei Fusionsolar&nbsp; y disfrutar con una prueba de conducción en un vehículo eléctrico. Jueves 19 de Abril &#8211; Evento Saclima Compuesto por dos eventos simultáneos. El primero, una visita a las instalaciones de Salcima en Valencia para aprender todos los detalles de las nuevas baterías LUNA2000 de 200KW de Huawei FusionSolar y, el segundo, una actividad formativa sobre soluciones fotovoltaicas en la Universidad Politécnica de Valencia. Si desean obtener más información, o acompañarnos, no duden en&nbsp;contactarnos&nbsp;a través del correo: info@wattkraft.com
